0 = i + 3*q - 497, 0 = -14*i + 9*i + 4*q + 2466. What is the highest common factor of i and 26?
26
Let l(t) = 195*t + 9. Let a be l(3). Calculate the highest common factor of a and 55.
11
Let c(v) = -3*v**3 - 13*v**2 + 2*v - 19. Let h be c(-5). What is the greatest common divisor of 6 and h?
3
Let k be -6*(6 - 43/2). Calculate the greatest common factor of 2325 and k.
93
Let j = 269 - 156. Let l = -73 + j. Let s(v) = 8*v + 24. Let q be s(-2). Calculate the greatest common factor of l and q.
8
Let d(p) = 2*p**2 - 6*p - 4. Let l = 23 + -14. Let t be d(l). What is the greatest common divisor of 13 and t?
13
Suppose -4*i - 33 = 2*r - 83, 3*i = -3*r + 66. Let j be ((-19)/4)/((-8)/224). Calculate the highest common factor of j and r.
19
Let x be 1*-1*(-36)/(-6). Let u be 4/6*(-45)/x. Calculate the highest common divisor of 5 and u.
5
Let a be (-3)/(2*(-4)/(-88)). Let x = 5 - a. Let w be (2/(-3))/(8/(-228)). Calculate the highest common factor of w and x.
19
Suppose 5*g = 17*m - 12*m + 585, 5*g - 2*m - 579 = 0. What is the greatest common divisor of g and 92?
23
Let m be (-312 - 22) + -2 + (-1 - -2). Let f be m/(-15) + (-3)/9. What is the highest common factor of 55 and f?
11
Let b(g) = -g**3 + 18*g**2 - 13*g + 20. Let h be b(17). What is the greatest common divisor of h and 55?
11
Let l = -4 + 8. Suppose -l*k - 3*o + 54 = -94, 0 = -5*k + 5*o + 150. Suppose 2*q - 110 = k. What is the greatest common factor of q and 9?
9
Let n be 19 + 2/(-1) - 2. Suppose 0*o + n = 5*o. Let i be -8*1 - (-146 - -120) - 0. What is the greatest common divisor of i and o?
3
Let n = 2 + 1. Let c be 4 + (1*(-6)/1 - -2). Suppose 3*w - 11*w + 96 = c. Calculate the highest common divisor of w and n.
3
Suppose 4*f + 4*f - 2600 = 0. Suppose 10*p + f = 15*p. Calculate the highest common divisor of 13 and p.
13
Let z = 6 + -3. Suppose -3*h = -z*u - 246, -3*h - 4*u = -0*h - 232. Let t = h + -40. Calculate the greatest common factor of t and 16.
8
Suppose -45 - 66 = -l. Calculate the greatest common divisor of l and 3.
3
Suppose -2*x - 2*w = 98, 0 = -x + 3*w - 2*w - 59. Let l = -5 - x. Calculate the greatest common factor of 7 and l.
7
Suppose z + 90 = 5*s + 1453, 4*s + 5500 = 4*z. What is the greatest common divisor of z and 106?
106
Let a(d) = 18*d - 5. Let c be a(3). What is the highest common divisor of 196 and c?
49
Let m be 3 - 24/16*-22. What is the highest common divisor of m and 27?
9
Let h(n) = -7*n + 9. Let o be h(-6). Let d = o - 17. Let t(z) = -11*z - 4. Let x be t(-5). What is the greatest common divisor of x and d?
17
Suppose 19*b - 3*b - 12272 = 0. What is the highest common divisor of b and 59?
59
Let r = 2306 + -1131. Calculate the highest common divisor of r and 47.
47
Suppose 2*p + 0 - 7 = q, 5*p - 2*q - 20 = 0. Suppose -31 + 79 = -p*r. Let o be r/16 - (-182)/4. What is the highest common divisor of 5 and o?
5
Let r = -6 + 7. Let l be r*-2 + 15 + -5. Let q = 138 + -136. Calculate the greatest common divisor of q and l.
2
Suppose 5*j = 20*j - 1620. Suppose -4*y + 32 + 16 = 0. What is the greatest common factor of y and j?
12
Suppose 5*v = -q + 40 + 15, 0 = 2*q. Let b(c) = 7*c - 5. Let s be b(v). Let n = -8 + 16. What is the greatest common factor of n and s?
8
Let o(x) be the second derivative of x**5/20 + x**4/2 - 5*x**3/3 - 9*x**2/2 + 9*x. Let g be o(-7). What is the greatest common divisor of g and 4?
4
Let j = 1 + 3. Let l = j + -10. Let z be (-234)/l + 1/(-1). What is the highest common factor of 19 and z?
19
Suppose -4*i + 24 - 8 = 0. Suppose 26 = 6*r - i. Calculate the highest common divisor of r and 30.
5
Let i be 1/(-2)*(-37 - 3). Suppose 0 = -3*k + i + 7. What is the greatest common divisor of 180 and k?
9
Let t(n) be the first derivative of n**3/3 - n**2 - 4*n - 1. Let j be t(6). What is the highest common factor of 4 and j?
4
Let d = 455 + -347. Calculate the highest common factor of d and 2916.
108
Let h(w) = w**3 - 4*w**2 - 4*w + 3. Let p be h(5). Let o be p/(-20) + 327/5. Let z be (-3)/((-6)/32) + -3. What is the greatest common factor of z and o?
13
Let x(b) = -6*b - 87. Let l be x(-17). Let c = 30 + -15. What is the greatest common factor of l and c?
15
Let c(i) = 4*i**2 + 8*i - 8. Let o be c(-5). What is the greatest common divisor of 8 and o?
4
Let l(v) = v**2 - 7*v - 8. Let t be l(-6). What is the highest common divisor of t and 10?
10
Suppose -2*q - 26 = -q. Suppose -2*i + w + 96 = 0, 10*w = -i + 5*w + 59. Let k = i + q. What is the greatest common factor of 69 and k?
23
Let h(j) = 9*j**2 - 8*j - 9. Let i be h(-6). Let c(a) = 3*a + 6. Let x be c(-2). Suppose s - 16*s + 495 = x. Calculate the greatest common divisor of i and s.
33
Let s(b) = 10*b**3 + 13*b**2 - 17*b - 3. Let z be s(3). Calculate the highest common divisor of 9 and z.
9
Suppose 0 = 6*v + 14*v - 2100. Calculate the highest common factor of v and 10.
5
Suppose 4*s - 5 = 15. Suppose -j + 85 = -0*j + s*m, -4*j + 2*m = -318. Let o be 16/(-3 + 7/2). Calculate the highest common divisor of j and o.
16
Suppose 43*y = 62*y - 228. Suppose 2*v = 4*i + v - 66, -5*v = -2*i + 42. What is the greatest common divisor of i and y?
4
Suppose 4*c + 4*h - 112 = 0, -5*c + 5*h + 55 = -75. What is the highest common divisor of c and 72?
9
Suppose -3*v = 4*y - 5 - 1, 0 = -4*y - v + 2. Suppose y = 18*h - 15*h - 462. Suppose -4*s - 42 = -7*s. What is the highest common divisor of h and s?
14
Let d(y) = y**2 - 19*y - 87. Let s be d(26). What is the greatest common divisor of 5 and s?
5
Suppose -9 = 3*l, 2*l - 117 = -3*x + 5*l. Let t(w) = 2*w**2 + 19*w + 57. Let c be t(-3). What is the greatest common divisor of c and x?
18
Suppose o + 3*a - 24 = 0, o = 3*o + a - 68. Calculate the greatest common divisor of 18 and o.
18
Let i be (-16)/(-10)*855/6. Calculate the highest common factor of i and 57.
57
Suppose -69 = 3*c - 231. Suppose 2*v + 5*j - 30 = 0, -v + j + c = v. What is the greatest common divisor of 10 and v?
5
Let g(v) = 9*v - 28. Suppose 4*d - 2*q - 40 = -4*q, -20 = -3*d + q. Let j be g(d). What is the highest common factor of 110 and j?
22
Suppose 0 = -0*m + 4*m - 12. Suppose m*d + 24 = -0*d. Let b be (-599)/d + (-5)/(-40). Calculate the greatest common divisor of b and 25.
25
Suppose 2*d - 52 = -4*p, 0 = -3*p + 8*p - 5*d - 80. Calculate the greatest common factor of p and 2.
2
Let m be (1 - (0 - -2)) + -24. Let o = 35 + m. What is the greatest common divisor of o and 15?
5
Suppose 24*y - 33 = 39. Let w(j) = -j**3 + 5*j**2 + 3*j - 3. Let p be w(5). Calculate the highest common factor of y and p.
3
Let c(q) = 13*q**3 - 6*q**2 + 3*q - 2. Let g be c(2). What is the highest common factor of 56 and g?
28
Let x(r) be the second derivative of r**4/2 - 7*r**3/6 - 3*r**2 + 14*r. Let h be x(6). What is the greatest common divisor of h and 24?
24
Suppose j - 12 = -2*u + 3*u, 2*j + 5*u - 24 = 0. Suppose z = -w + 6, 5*z - 2*z = -w + j. Suppose -d + 6*d = 45. What is the highest common divisor of d and z?
3
Suppose 0 = -13*t - 15 + 223. Let r = 37 + -21. Calculate the highest common divisor of t and r.
16
Suppose -160*l + 864 = -151*l. Calculate the greatest common factor of l and 480.
96
Let d = 226 + -176. Calculate the highest common factor of 1150 and d.
50
Let p be (-6)/21 - 430/(-35). Suppose -3*z - 9 = 0, 3*r + z - 21 = -r. What is the greatest common divisor of p and r?
6
Suppose 0 = -10*a + 6*a + 16. Let m be a/(-22) + 4/22. Suppose 3*f + 3*l - 429 = m, f + 2*f + 4*l - 428 = 0. Calculate the greatest common factor of 16 and f.
16
Let a be ((-780)/(-273))/((-2)/(-63)). Let n be -3 + (76 + 2)/2. Calculate the highest common divisor of n and a.
18
Suppose x = 5*v - 130 - 27, 5*x - 79 = -2*v. Let f be (4 - v/1)*-2. What is the highest common factor of 7 and f?
7
Let i = -67 + 130. Suppose 5*t + i = 2*f - 0*t, 5*f - 85 = -2*t. Calculate the highest common factor of f and 133.
19
Let j be (567/(-18))/((-85)/(-100) - 1). Calculate the greatest common factor of j and 60.
30
Let i = 21 + -22. Let v = 14 - i. Suppose -2*h = -2*a + 2*h + 274, 5 = -5*h. What is the highest common factor of a and v?
15
Suppose 2*l = 4*v - 60, 0*l + 2*l = -2*v + 36. What is the greatest common divisor of v and 752?
16
Let b(c) = c**2 + 12*c + 2. Let w(n) = 3*n**2 + 35*n + 7. Let r(v) = 11*b(v) - 4*w(v). Let g be r(-6). Calculate t